{"version":"1.0","provider_name":"Encontra Itaquaquecetuba","provider_url":"https:\/\/www.encontraitaquaquecetuba.com.br\/sobre","author_name":"Encontra Itaquaquecetuba","author_url":"https:\/\/www.encontraitaquaquecetuba.com.br\/sobre\/author\/eitaquaquecetuba\/","title":"Prefeitura e Senac inscrevem para vagas em Itaqu\u00e1 - Encontra Itaquaquecetuba","type":"rich","width":600,"height":338,"html":"<blockquote class=\"wp-embedded-content\" data-secret=\"3AM5ATvdVb\"><a href=\"https:\/\/www.encontraitaquaquecetuba.com.br\/sobre\/prefeitura-e-senac-inscrevem-para-vagas-em-itaqua\/\">Prefeitura e Senac inscrevem para vagas em Itaqu\u00e1<\/a><\/blockquote><iframe sandbox=\"allow-scripts\" security=\"restricted\" src=\"https:\/\/www.encontraitaquaquecetuba.com.br\/sobre\/prefeitura-e-senac-inscrevem-para-vagas-em-itaqua\/embed\/#?secret=3AM5ATvdVb\" width=\"600\" height=\"338\" title=\"&#8220;Prefeitura e Senac inscrevem para vagas em Itaqu\u00e1&#8221; &#8212; Encontra Itaquaquecetuba\" data-secret=\"3AM5ATvdVb\" frameborder=\"0\" marginwidth=\"0\" marginheight=\"0\" scrolling=\"no\" class=\"wp-embedded-content\"><\/iframe><script type=\"text\/javascript\">\n\/*! This file is auto-generated *\/\n!function(c,d){\"use strict\";var e=!1,o=!1;if(d.querySelector)if(c.addEventListener)e=!0;if(c.wp=c.wp||{},c.wp.receiveEmbedMessage);else if(c.wp.receiveEmbedMessage=function(e){var t=e.data;if(!t);else if(!(t.secret||t.message||t.value));else if(\/[^a-zA-Z0-9]\/.test(t.secret));else{for(var r,s,a,i=d.querySelectorAll('iframe[data-secret=\"'+t.secret+'\"]'),n=d.querySelectorAll('blockquote[data-secret=\"'+t.secret+'\"]'),o=new RegExp(\"^https?:$\",\"i\"),l=0;l<n.length;l++)n[l].style.display=\"none\";for(l=0;l<i.length;l++)if(r=i[l],e.source!==r.contentWindow);else{if(r.removeAttribute(\"style\"),\"height\"===t.message){if(1e3<(s=parseInt(t.value,10)))s=1e3;else if(~~s<200)s=200;r.height=s}if(\"link\"===t.message)if(s=d.createElement(\"a\"),a=d.createElement(\"a\"),s.href=r.getAttribute(\"src\"),a.href=t.value,!o.test(a.protocol));else if(a.host===s.host)if(d.activeElement===r)c.top.location.href=t.value}}},e)c.addEventListener(\"message\",c.wp.receiveEmbedMessage,!1),d.addEventListener(\"DOMContentLoaded\",t,!1),c.addEventListener(\"load\",t,!1);function t(){if(o);else{o=!0;for(var e,t,r,s=-1!==navigator.appVersion.indexOf(\"MSIE 10\"),a=!!navigator.userAgent.match(\/Trident.*rv:11\\.\/),i=d.querySelectorAll(\"iframe.wp-embedded-content\"),n=0;n<i.length;n++){if(!(r=(t=i[n]).getAttribute(\"data-secret\")))r=Math.random().toString(36).substr(2,10),t.src+=\"#?secret=\"+r,t.setAttribute(\"data-secret\",r);if(s||a)(e=t.cloneNode(!0)).removeAttribute(\"security\"),t.parentNode.replaceChild(e,t);t.contentWindow.postMessage({message:\"ready\",secret:r},\"*\")}}}}(window,document);\n<\/script>\n","description":"A prefeitura de Itaquaquecetuba (por meio da secretaria municipal de Ind\u00fastria e Com\u00e9rcio) e o Senac\/Guarulhos informam que o prazo para as inscri\u00e7\u00f5es aos interessados em frequentar o programa &#8220;Educa\u00e7\u00e3o para o Trabalho&#8221; foi prorrogado. Cerca de 20 vagas ainda se encontram dispon\u00edveis, tendo em vista que alguns jovens solicitaram, mas, n\u00e3o efetivaram seus cadastros dentro do prazo estipulado. Sendo assim, as inscri\u00e7\u00f5es para as vagas remanescentes acontecem entre os dias 02 e 06 de julho. Segundo os respons\u00e1veis pelo programa, trata-se de uma capacita\u00e7\u00e3o que &#8220;visa a inclus\u00e3o de jovens socialmente desfavorescidos, por meio do desenvolvimento de compet\u00eancias que"}

Prefeitura e Senac inscrevem para vagas em Itaquá - Encontra Itaquaquecetuba

<blockquote class="wp-embedded-content" data-secret="3AM5ATvdVb"><a href="https://www.encontraitaquaquecetuba.com.br/sobre/prefeitura-e-senac-inscrevem-para-vagas-em-itaqua/">Prefeitura e Senac inscrevem para vagas em Itaquá</a></blockquote><iframe sandbox="allow-scripts" security="restricted" src="https://www.encontraitaquaquecetuba.com.br/sobre/prefeitura-e-senac-inscrevem-para-vagas-em-itaqua/embed/#?secret=3AM5ATvdVb" width="600" height="338" title="&#8220;Prefeitura e Senac inscrevem para vagas em Itaquá&#8221; &#8212; Encontra Itaquaquecetuba" data-secret="3AM5ATvdVb" frameborder="0" marginwidth="0" marginheight="0" scrolling="no" class="wp-embedded-content"></iframe><script type="text/javascript">
/*! This file is auto-generated */
!function(c,d){"use strict";var e=!1,o=!1;if(d.querySelector)if(c.addEventListener)e=!0;if(c.wp=c.wp||{},c.wp.receiveEmbedMessage);else if(c.wp.receiveEmbedMessage=function(e){var t=e.data;if(!t);else if(!(t.secret||t.message||t.value));else if(/[^a-zA-Z0-9]/.test(t.secret));else{for(var r,s,a,i=d.querySelectorAll('iframe[data-secret="'+t.secret+'"]'),n=d.querySelectorAll('blockquote[data-secret="'+t.secret+'"]'),o=new RegExp("^https?:$","i"),l=0;l<n.length;l++)n[l].style.display="none";for(l=0;l<i.length;l++)if(r=i[l],e.source!==r.contentWindow);else{if(r.removeAttribute("style"),"height"===t.message){if(1e3<(s=parseInt(t.value,10)))s=1e3;else if(~~s<200)s=200;r.height=s}if("link"===t.message)if(s=d.createElement("a"),a=d.createElement("a"),s.href=r.getAttribute("src"),a.href=t.value,!o.test(a.protocol));else if(a.host===s.host)if(d.activeElement===r)c.top.location.href=t.value}}},e)c.addEventListener("message",c.wp.receiveEmbedMessage,!1),d.addEventListener("DOMContentLoaded",t,!1),c.addEventListener("load",t,!1);function t(){if(o);else{o=!0;for(var e,t,r,s=-1!==navigator.appVersion.indexOf("MSIE 10"),a=!!navigator.userAgent.match(/Trident.*rv:11\./),i=d.querySelectorAll("iframe.wp-embedded-content"),n=0;n<i.length;n++){if(!(r=(t=i[n]).getAttribute("data-secret")))r=Math.random().toString(36).substr(2,10),t.src+="#?secret="+r,t.setAttribute("data-secret",r);if(s||a)(e=t.cloneNode(!0)).removeAttribute("security"),t.parentNode.replaceChild(e,t);t.contentWindow.postMessage({message:"ready",secret:r},"*")}}}}(window,document);
</script>

A prefeitura de Itaquaquecetuba (por meio da secretaria municipal de Indústria e Comércio) e o Senac/Guarulhos informam que o prazo para as inscrições aos interessados em frequentar o programa &#8220;Educação para o Trabalho&#8221; foi prorrogado. Cerca de 20 vagas ainda se encontram disponíveis, tendo em vista que alguns jovens solicitaram, mas, não efetivaram seus cadastros dentro do prazo estipulado. Sendo assim, as inscrições para as vagas remanescentes acontecem entre os dias 02 e 06 de julho. Segundo os responsáveis pelo programa, trata-se de uma capacitação que &#8220;visa a inclusão de jovens socialmente desfavorescidos, por meio do desenvolvimento de competências que
